etermine v(6).
-504
Let z(w) = -339445*w - 62797331. Determine z(-185).
-6
Let x(q) = 95*q**2 - 129*q + 367. Calculate x(3).
835
Let i(j) = 7*j**2 + 675*j + 4832. Determine i(-7).
450
Let m(x) = 3083*x - 240540. Determine m(78).
-66
Let s(h) = 2*h**3 + 118*h**2 + h + 1033. Give s(-59).
974
Let n(r) = -9883*r + 592958. Give n(60).
-22
Let g(b) = -64*b - 2203. What is g(-47)?
805
Let g(p) = 2073*p - 275660. Determine g(133).
49
Let t(l) = 29*l**3 + 696*l**2 - 24*l - 24. Determine t(-24).
552
Let t(k) = 52*k**3 - 60*k**2 + 79*k - 17. Determine t(1).
54
Let l(r) = 4621*r + 1213. What is l(-1)?
-3408
Let b(w) = 19*w**2 + 1219*w + 1419. Determine b(-63).
33
Let d(x) = -32*x**2 - 110*x + 7. What is d(-2)?
99
Let k(t) = -t**3 - 52*t**2 + 96*t + 222. Determine k(-54).
870
Let r(f) = f**3 - 229*f**2 + 265*f - 8137. What is r(228)?
299
Let r(o) = -1165*o - 13793. Give r(-12).
187
Let a(j) = 55779*j - 2900502. Give a(52).
6
Let q(l) = l**3 + 14*l**2 - 70*l - 465. What is q(-13)?
614
Let a(i) = 3*i**3 + 212*i**2 + 556*i + 819. Determine a(-68).
3
Let n(h) = 31897*h + 1754332. What is n(-55)?
-3
Let s(p) = -531*p - 17010. Give s(-32).
-18
Let q(b) = -b**3 - 354*b**2 - 1135*b - 29125. Determine q(-351).
-343
Let z(w) = w**3 - 172*w**2 - 334*w - 2423. Calculate z(174).
13
Let l(f) = f**3 - 24*f**2 - 98*f + 2776. What is l(23)?
-7
Let n(v) = 1940*v + 287248. Determine n(-148).
128
Let y(p) = 2*p**3 - 12*p**2 - 126*p - 153. What is y(12)?
63
Let d(a) = -1642*a + 500787. Calculate d(305).
-23
Let w(a) = -3768*a - 26391. Calculate w(-7).
-15
Let m(p) = p**3 - 45*p**2 + 397*p + 57. What is m(10)?
527
Let n(y) = 65400*y - 1177237. Calculate n(18).
-37
Let p(w) = 40*w**3 - 36*w**2 - 100*w + 31. What is p(-4)?
-2705
Let l(j) = 2*j**3 - 28*j**2 - 188*j + 122. Calculate l(-10).
-2798
Let g(n) = -2*n**3 + 28*n**2 - 741*n + 4505. Determine g(7).
4
Let s(a) = -1431*a**2 - 54*a - 53. Give s(-1).
-1430
Let t(w) = -547363*w - 3284143. Calculate t(-6).
35
Let s(x) = 46*x - 1263. What is s(20)?
-343
Let v(b) = b**3 + 5*b**2 + 520*b + 5579. What is v(-10)?
-121
Let b(u) = -470*u - 13154. Give b(-27).
-464
Let u(a) = -66791*a - 5343342. What is u(-80)?
-62
Let u(p) = -46*p**2 - 514*p + 1031. Give u(2).
-181
Let i(m) = -4*m**2 + 219*m - 154. Calculate i(54).
8
Let i(q) = q**3 + 148*q**2 - 1243*q + 993. Give i(-156).
213
Let t(s) = 17212*s - 103372. Calculate t(6).
-100
Let s(x) = -4*x**3 + 46*x**2 - 79*x + 396. Give s(11).
-231
Let d(x) = -767*x - 60351. What is d(-82)?
2543
Let p(f) = -f**2 + 3273*f + 281910. Determine p(-84).
-78
Let r(g) = -g**2 - 19613*g - 293978. Calculate r(-15).
-8
Let r(d) = 4793*d - 181789. Calculate r(38).
345
Let z(u) = 8*u**3 + 109*u**2 - 196*u - 1600. Determine z(-3).
-247
Let w(j) = j**3 + 1501*j**2 + 247974*j + 7873. Calculate w(-1312).
1
Let u(o) = -47*o**2 + 520*o - 1043. Give u(2).
-191
Let w(u) = -293*u**3 - 13*u**2 + 5*u + 2. What is w(1)?
-299
Let b(h) = 2*h**3 + 52*h**2 + 27*h - 147. Calculate b(-2).
-9
Let o(f) = 3*f**2 - 1667*f + 60425. What is o(39)?
-25
Let l(c) = -c**2 - 288*c + 12426. Give l(35).
1121
Let y(j) = 3615*j - 556691. Calculate y(154).
19
Let l(w) = -32330*w + 64691. Give l(2).
31
Let l(p) = -p**3 + 14*p**2 + 283*p + 30. Give l(25).
230
Let b(y) = 43556*y + 174217. Determine b(-4).
-7
Let s(d) = -5*d**2 - 367*d - 329. Calculate s(-73).
-183
Let v(n) = -5*n**2 - 187*n + 20. Calculate v(-44).
-1432
Let x(r) = 5025*r - 3008. Determine x(1).
2017
Let a(b) = 599070*b + 599062. Determine a(-1).
-8
Let c(l) = -3545*l**2 + 35446*l + 37. Give c(10).
-3
Let t(k) = 228*k + 22981. What is t(-102)?
-275
Let x(z) = -2*z**2 + 876*z + 15421. What is x(455)?
-49
Let w(d) = 148800*d + 1785603. Determine w(-12).
3
Let r(k) = -11546*k + 57704. Give r(5).
-26
Let c(h) = 13685*h - 1135851. Calculate c(83).
4
Let o(x) = 1135*x - 86860. Calculate o(76).
-600
Let t(u) = -65*u + 2847. Give t(37).
442
Let d(g) = -2*g**3 + 16*g**2 + 18*g - 46. Give d(3).
98
Let g(s) = s**3 - 4*s**2 - 4*s + 12. Determine g(8).
236
Let p(k) = -132*k - 579. What is p(-11)?
873
Let i(u) = -3*u**3 - 444*u**2 - 6328*u + 1192. What is i(-132)?
136
Let g(a) = 2*a**3 + 96*a**2 + 85*a - 243. Give g(-47).
180
Let u(j) = -13*j**3 - 20*j**2 + 1630*j - 1609. Determine u(1).
-12
Let m(x) = 574070*x + 6888833. Calculate m(-12).
-7
Let o(b) = 42*b + 907. Determine o(-16).
235
Let u(r) = -244*r - 5381. Give u(-21).
-257
Let y(x) = x**3 - 7*x**2 + 2339*x + 17110. Calculate y(-7).
51
Let u(y) = -108*y - 1850. Give u(-17).
-14
Let w(u) = -u**3 - 7*u**2 - 52*u + 629. Give w(14).
-4215
Let p(f) = 1170*f + 120522. Calculate p(-103).
12
Let v(p) = -14625*p + 5294261. Determine v(362).
11
Let l(v) = 149*v**2 - 15200*v + 248. Calculate l(102).
44
Let t(k) = 5*k**2 + 273*k + 3697. What is t(-25)?
-3
Let x(h) = 100*h**2 - 258*h - 340. Determine x(6).
1712
Let u(k) = k**2 + 534*k + 67405. What is u(-204)?
85
Let b(h) = 21*h**2 + 4142*h + 25014. Give b(-191).
-7
Let b(j) = -5782*j - 1381899. What is b(-239)?
-1
Let i(q) = -528*q - 3982. What is i(-9)?
770
Let n(v) = -v**3 - 830*v**2 - 29343*v - 45. Determine n(-37).
29
Let q(g) = -g**2 + 431*g - 42357. Give q(152).
51
Let k(x) = x**3 + 120*x**2 + 2484*x + 67. What is k(-28)?
2643
Let x(a) = -a**3 - 43*a**2 - 25*a - 2648. What is x(-43)?
-1573
Let c(t) = t**2 - 307*t + 3772. Determine c(13).
-50
Let j(k) = 12060*k - 42740635. Give j(3544).
5
Let x(f) = 63*f**2 - 168*f - 9924. Determine x(14).
72
Let n(c) = -104659*c + 1465237. Calculate n(14).
11
Let i(q) = q**3 + 56*q**2 + 55*q + 3086. Give i(-56).
6
Let c(n) = 12*n**2 + 996*n + 11218. Calculate c(-11).
1714
Let g(d) = -22*d + 4694. Give g(162).
1130
Let q(o) = 91*o**3 + 3*o**2 + 838*o - 842. What is q(1)?
90
Let c(v) = 53618*v - 1662134. Determine c(31).
24
Let d(n) = 210068*n + 1050387. What is d(-5)?
47
Let d(y) = 3657*y + 69488. Calculate d(-19).
5
Let o(s) = -s**3 - 12*s**2 + 214*s + 1436. Determine o(-6).
-64
Let t(b) = -119*b + 375. Calculate t(-2).
613
Let c(j) = -10555*j - 200532. What is c(-19)?
13
Let d(w) = -11822*w - 1052162. Give d(-89).
-4
Let m(d) = -3820*d + 72725. Determine m(19).
145
Let d(k) = 16*k**2 + 365*k - 235. Determine d(-24).
221
Let w(a) = 2*a**2 - 157*a - 98834. What is w(265)?
11
Let k(l) = -782*l**2 + 14093*l - 10. Determine k(18).
296
Let b(h) = 5418*h + 43337. Determine b(-8).
-7
Let w(f) = f**2 - 369*f - 782199. Determine w(-719).
73
Let h(u) = -441*u - 103610. What is h(-235)?
25
Let x(d) = d**3 - 59*d**2 - 63*d - 24. Calculate x(0).
-24
Let x(z) = -490*z + 1918. Give x(5).
-532
Let o(c) = 12249*c - 48448. Give o(4).
548
Let w(r) = -4*r**3 - 20*r**2 - 22*r - 598. Calculate w(-8).
346
Let u(m) = -57*m**2 + 123*m - 35. Give u(4).
-455
Let s(p) = 663*p - 104102. Give s(157).
-11
Let w(k) = 151463*k - 908766. Calculate w(6).
12
Let y(p) = -4732*p**2 - 14202*p - 8. Give y(-3).
10
Let h(q) = -2*q**3 + 10*q**2 + 493*q - 2455. Determine h(5).
10
Let v(k) = 3*k**3 + 206*k**2 - 58*k - 76. Determine v(-69).
-835
Let i(t) = 286*t + 5962. Calculate i(-27).
-1760
Let n(w) = w**3 - 20*w**2 + 109*w - 4266. What is n(23)?
-172
Let d(h) = 45*h**2 - 122*h + 612. Give d(5).
1127
Let n(l) = -107*l + 1038. Calculate n(7).
289
Let z(k) = k**3 + 48*k**2 - 132*k - 4059. Determine z(-49).
8
Let n(p) = -5528*p - 740787. Give n(-134).
-35
Let a(g) = 157*g**2 - 10789*g + 7683. Calculate a(68).
-1
Let b(n) = -19660*n - 845374. Calculate b(-43).
6
Let z(l) = 5*l**2 + 27*l + 289. Determine z(-13).
783
Let t(u) = -48070*u + 336487. What is t(7)?
-3
Let j(f) = f**3 - 21*f**2 + 5*f - 2072. Give j(0).
-2072
Let j(o) = -o**3 - 10*o**2 + 138*o - 32. Determine j(-15).
-977
Let r(z) = -708*z - 3606. Calculate r(-5).
-66
Let b(f) = 400*f + 1960. Calculate b(-3).
760
Let t(x) = -2*x**3 - 205*x**2 - 2481*x - 60. What is t(-14)?
-18
Let l(m) = 76947*m - 2077566. Calculate l(27).
3
Let i(u) = u**2 + 12164*u + 145918. Calculate i(-12).
94
Let n(v) = 262*v - 41217. Determine n(163).
1489
Let y(u) = -u**3 + 46*u**2 - 499*u - 177. Give y(28).
-37
Let o(w) = w**3 - 16*w**2 + 48*w - 336. Give o(11).
-413
Let o(r) = 2*r**3 - 578*r**2 + 3*r - 775. Determine o(289).
92
Let o(z) = -62511*z + 8564012. Determine o(137).
5
Let n(c) = 969*c + 31002. Give n(-32).
-6
Let k(o) = 7*o**3 + 56*o**2 + 2776*o + 22212. Calcul